{"id":100,"date":"2012-11-28T10:31:07","date_gmt":"2012-11-28T10:31:07","guid":{"rendered":"http:\/\/www.noubarris.net\/relligantnb\/?page_id=100"},"modified":"2016-02-29T18:20:43","modified_gmt":"2016-02-29T17:20:43","slug":"categories","status":"publish","type":"page","link":"https:\/\/www.noubarris.net\/relligantnb\/?page_id=100","title":{"rendered":"Categories"},"content":{"rendered":"<p style=\"text-align: justify;\">En aquest espai trobareu els diversos punts qr dividits per temes per tal que sigui m\u00e9s f\u00e0cil trobar aquelles informacions que us puguin interessar. Trobareu categories segons la funci\u00f3 dels edificis, com la de les masies, els espais de culte o les escoles. Tamb\u00e9 trobareu d\u2019altres que inclouen punts que estan relacionats per la tem\u00e0tica que tracten els v\u00eddeos, l\u2019Inici del segle XX o L\u2019Aigua: torrents, fonts i aq\u00fceductes.<\/p>\n<p>Llistat de les Categories:<\/p>\n<ul>\n<li><a title=\"Les Masies\" href=\"http:\/\/www.noubarris.net\/relligantnb\/?page_id=104\">Les masies<\/a><\/li>\n<li><a title=\"L\u2019Aigua: torrents, fonts i aq\u00fceductes\" href=\"http:\/\/www.noubarris.net\/relligantnb\/?page_id=135\">L\u2019Aigua: torrents, fonts i aq\u00fceductes<\/a><\/li>\n<li><a title=\"L\u2019Inici del segle XX\" href=\"http:\/\/www.noubarris.net\/relligantnb\/?page_id=72\">L\u2019Inici del segle XX<\/a><\/li>\n<li><a title=\"Els carrers i els barris\" href=\"http:\/\/www.noubarris.net\/relligantnb\/?page_id=141\">Els carrers i els barris<\/a><\/li>\n<li><a title=\"Els equipaments i les lluites\" href=\"http:\/\/www.noubarris.net\/relligantnb\/?page_id=143\">Els equipaments i les lluites<\/a><\/li>\n<li><a title=\"Les escultures i els monuments\" href=\"http:\/\/www.noubarris.net\/relligantnb\/?page_id=145\">Les escultures i els monuments<\/a><\/li>\n<li><a title=\"Els espais de culte\" href=\"http:\/\/www.noubarris.net\/relligantnb\/?page_id=147\">Els espais de culte<\/a><\/li>\n<\/ul>\n","protected":false},"excerpt":{"rendered":"<p>En aquest espai trobareu els diversos punts qr dividits per temes per tal que sigui m\u00e9s f\u00e0cil trobar aquelles informacions<\/p>\n","protected":false},"author":1,"featured_media":0,"parent":0,"menu_order":0,"comment_status":"closed","ping_status":"closed","template":"","meta":{"_monsterinsights_skip_tracking":false,"_monsterinsights_sitenote_active":false,"_monsterinsights_sitenote_note":"","_monsterinsights_sitenote_category":0,"jetpack_post_was_ever_published":false,"footnotes":""},"class_list":["post-100","page","type-page","status-publish","hentry"],"aioseo_notices":[],"jetpack_shortlink":"https:\/\/wp.me\/P5AnUm-1C","jetpack-related-posts":[],"jetpack_sharing_enabled":true,"_links":{"self":[{"href":"https:\/\/www.noubarris.net\/relligantnb\/index.php?rest_route=\/wp\/v2\/pages\/100"}],"collection":[{"href":"https:\/\/www.noubarris.net\/relligantnb\/index.php?rest_route=\/wp\/v2\/pages"}],"about":[{"href":"https:\/\/www.noubarris.net\/relligantnb\/index.php?rest_route=\/wp\/v2\/types\/page"}],"author":[{"embeddable":true,"href":"https:\/\/www.noubarris.net\/relligantnb\/index.php?rest_route=\/wp\/v2\/users\/1"}],"replies":[{"embeddable":true,"href":"https:\/\/www.noubarris.net\/relligantnb\/index.php?rest_route=%2Fwp%2Fv2%2Fcomments&post=100"}],"version-history":[{"count":0,"href":"https:\/\/www.noubarris.net\/relligantnb\/index.php?rest_route=\/wp\/v2\/pages\/100\/revisions"}],"wp:attachment":[{"href":"https:\/\/www.noubarris.net\/relligantnb\/index.php?rest_route=%2Fwp%2Fv2%2Fmedia&parent=100"}],"curies":[{"name":"wp","href":"https:\/\/api.w.org\/{rel}","templated":true}]}}