{"id":1356,"date":"2014-02-28T13:17:49","date_gmt":"2014-02-28T12:17:49","guid":{"rendered":"http:\/\/www.noubarris.net\/relligantnb\/?page_id=1356"},"modified":"2018-07-12T10:49:06","modified_gmt":"2018-07-12T09:49:06","slug":"ruta-dels-carrers-i-els-barris","status":"publish","type":"page","link":"https:\/\/www.noubarris.net\/relligantnb\/?page_id=1356","title":{"rendered":"Ruta dels carrers i els barris"},"content":{"rendered":"<p style=\"text-align: justify;\">Aquesta ruta us descobrir\u00e0 els secrets que amaguen alguns dels carrers i dels barris del districte. Us convidem a un passeig per Nou Barris que ens descobrir\u00e0 alguns paissatges quotidians que ens descobriran moltes hist\u00f2ries.<\/p>\n<ul>\n<li style=\"text-align: justify;\"><em>Podeu comen\u00e7ar la ruta al barri de Can Peguera (Bus: 122 Metro: Metro: Vilapicina L5). A la placeta que hi ha al carrer de Pedret amb el carrer de Sant Iscle trobareu el punt QR que us explica la hist\u00f2ria del barri de Can Peguera.<\/em><\/li>\n<li style=\"text-align: justify;\"><em>Des d\u2019aquest punt podem baixar pel carrer de Sant Iscle fins al Passeig de Fabra i Puig. A continuaci\u00f3, creuant la pla\u00e7a de Virrei Amat trobarem la seg\u00fcent parada, el Passatge de l\u2019Esperan\u00e7a.<\/em><\/li>\n<li style=\"text-align: justify;\"><em>Sortint per la banda contraria del Passatge de l\u2019Esperan\u00e7a sortirem al carrer d\u2019Arnau d\u2019Oms, una via que seguirem fins que es converteixi en carrer de Piferrer i Avinguda Rio de Janeiro. Per aquesta avinguda, a ma esquerra anirem deixant enrrera alguns dels punts de Relligant Nou Barris: Can Verdaguer, Can Valent i el Cementiri de Sant Andreu. En quant creuem el Passeig de Valldaura trobarem la pla\u00e7a de Harry Walker.<\/em><\/li>\n<li style=\"text-align: justify;\"><em>Per arribar de la pla\u00e7a de Harry Walker a la pla\u00e7a d&#8217;\u00c0ngel Pesta\u00f1a nom\u00e9s hem de seguir recte pel carrer de Baltasar Graci\u00e1n.<\/em><\/li>\n<li style=\"text-align: justify;\"><em>Pel carrer del Conflent\u00a0podem arribar fins a la Via J\u00falia. Un cop la creuem deixarem enrrera Prosperitat per entrar al barri de Verdum, on trobarem l\u2019espai on hi havia les Cases del Governador.<\/em><\/li>\n<\/ul>\n<p><strong>Elements:<\/strong><\/p>\n<ol>\n<li><a href=\"http:\/\/www.noubarris.net\/relligantnb\/?p=211\">Can Peguera<\/a><\/li>\n<li><a href=\"http:\/\/www.noubarris.net\/relligantnb\/?p=209\">Passatge de l\u2019Esperan\u00e7a<\/a><\/li>\n<li><a href=\"http:\/\/www.noubarris.net\/relligantnb\/?p=1345 \">Harry Walker<\/a><\/li>\n<li><a href=\"http:\/\/www.noubarris.net\/relligantnb\/?p=2322\">Pla\u00e7a d\u2019\u00c0ngel Pesta\u00f1a<\/a><\/li>\n<li><a href=\"http:\/\/www.noubarris.net\/relligantnb\/?p=1343\">Les Cases del Governador<\/a><\/li>\n<li><a href=\"http:\/\/www.noubarris.net\/relligantnb\/?p=2500\">Urbanitzar en diumenge<\/a><\/li>\n<\/ol>\n<p><strong>Ubicacions dels elements de la ruta:<\/strong><\/p>\n<p><iframe loading=\"lazy\" src=\"https:\/\/mapsengine.google.com\/map\/embed?mid=zURixVzSMC0M.kUchNErWCvMs\" width=\"640\" height=\"360\"><\/iframe><\/p>\n<p><strong>Llista de v\u00eddeos de la ruta:<\/strong><\/p>\n<p><iframe loading=\"lazy\" src=\"\/\/www.youtube.com\/embed\/videoseries?list=PLiB0DlgbaQ3LMhmE2OS7DkOv70ir_452i\" width=\"640\" height=\"360\" frameborder=\"0\" allowfullscreen=\"allowfullscreen\"><\/iframe><\/p>\n","protected":false},"excerpt":{"rendered":"<p>Aquesta ruta us descobrir\u00e0 els secrets que amaguen alguns dels carrers i dels barris del districte. Us convidem a un<\/p>\n","protected":false},"author":1,"featured_media":0,"parent":0,"menu_order":0,"comment_status":"closed","ping_status":"closed","template":"","meta":{"_monsterinsights_skip_tracking":false,"_monsterinsights_sitenote_active":false,"_monsterinsights_sitenote_note":"","_monsterinsights_sitenote_category":0,"jetpack_post_was_ever_published":false,"footnotes":""},"class_list":["post-1356","page","type-page","status-publish","hentry"],"aioseo_notices":[],"jetpack_shortlink":"https:\/\/wp.me\/P5AnUm-lS","jetpack-related-posts":[],"jetpack_sharing_enabled":true,"_links":{"self":[{"href":"https:\/\/www.noubarris.net\/relligantnb\/index.php?rest_route=\/wp\/v2\/pages\/1356"}],"collection":[{"href":"https:\/\/www.noubarris.net\/relligantnb\/index.php?rest_route=\/wp\/v2\/pages"}],"about":[{"href":"https:\/\/www.noubarris.net\/relligantnb\/index.php?rest_route=\/wp\/v2\/types\/page"}],"author":[{"embeddable":true,"href":"https:\/\/www.noubarris.net\/relligantnb\/index.php?rest_route=\/wp\/v2\/users\/1"}],"replies":[{"embeddable":true,"href":"https:\/\/www.noubarris.net\/relligantnb\/index.php?rest_route=%2Fwp%2Fv2%2Fcomments&post=1356"}],"version-history":[{"count":0,"href":"https:\/\/www.noubarris.net\/relligantnb\/index.php?rest_route=\/wp\/v2\/pages\/1356\/revisions"}],"wp:attachment":[{"href":"https:\/\/www.noubarris.net\/relligantnb\/index.php?rest_route=%2Fwp%2Fv2%2Fmedia&parent=1356"}],"curies":[{"name":"wp","href":"https:\/\/api.w.org\/{rel}","templated":true}]}}