{"id":1421,"date":"2014-03-04T19:42:25","date_gmt":"2014-03-04T18:42:25","guid":{"rendered":"http:\/\/www.noubarris.net\/relligantnb\/?page_id=1421"},"modified":"2014-09-22T19:33:04","modified_gmt":"2014-09-22T18:33:04","slug":"pg-fabra-i-puig","status":"publish","type":"page","link":"https:\/\/www.noubarris.net\/relligantnb\/?page_id=1421","title":{"rendered":"\u00c0rea de Fabra i Puig"},"content":{"rendered":"<h6><span style=\"color: #ff6600;\"><strong>\u2582 \u2583 \u2585 \u2586 \u2588 \u00a0Atenci\u00f3: Plana web per la demostraci\u00f3 Relligant Nou Barris: El nostre comer\u00e7. \u00a0\u2588 \u2586 \u2585 \u2583 \u2582<\/strong><\/span><\/h6>\n<p style=\"text-align: justify;\">El Passeig de Fabra i Puig est\u00e0 dedicat des del 1918 als germans Ferran i Roman Fabra i Puig, que van ser gerents de la companyia\u00a0Hilaturas\u00a0Fabra i\u00a0Coats. Ferran Fabra i Puig tamb\u00e9 va ser alcalde de Barcelona. El nom va\u00a0substituir\u00a0l\u2019anterior, Rambla de Santa Eul\u00e0lia. Aquest\u00a0passeig discorre pels districtes de Sant Andreu, Horta-Guinard\u00f3 i Nou Barris, i fa prop de dos quil\u00f2metres de llarg.<\/p>\n<p><strong>Metro:<\/strong> Virrei Amat (L1) i Fabra i Puig (L1)<br \/>\n<sup id=\"cite_ref-1\"><\/sup><\/p>\n<p><strong>Bus:<\/strong> H6, 11, 34, 36, 47, 50, 51, 71, 122, 132<\/p>\n<p><strong>Ubicaci\u00f3 dels comer\u00e7os:<\/strong><\/p>\n<p><iframe loading=\"lazy\" src=\"https:\/\/mapsengine.google.com\/map\/embed?mid=zURixVzSMC0M.kkKphvdDbWZA\" width=\"640\" height=\"360\"><\/iframe><\/p>\n<p><strong>V\u00eddeos dels comer\u00e7os per l&#8217;eix i voltants de Fabra i Puig:<\/strong><\/p>\n<p><iframe loading=\"lazy\" src=\"\/\/www.youtube.com\/embed\/videoseries?list=PLiB0DlgbaQ3Lg69TFGsDDjpamAHlMYkPN\" width=\"640\" height=\"360\" frameborder=\"0\" allowfullscreen=\"allowfullscreen\"><\/iframe><\/p>\n<p><strong style=\"font-family: 'Helvetica Neue', Arial, Helvetica, 'Nimbus Sans L', sans-serif;\">Punts d\u2019inter\u00e8s:\u00a0<\/strong><\/p>\n<p>[wp_cpl_sc cat_id=71 list_num=1000 css_theme=3 sticky_post=&#8221;79&#8243;]<\/p>\n","protected":false},"excerpt":{"rendered":"<p>\u2582 \u2583 \u2585 \u2586 \u2588 \u00a0Atenci\u00f3: Plana web per la demostraci\u00f3 Relligant Nou Barris: El nostre comer\u00e7. \u00a0\u2588 \u2586 \u2585<\/p>\n","protected":false},"author":1,"featured_media":0,"parent":2000,"menu_order":0,"comment_status":"closed","ping_status":"closed","template":"","meta":{"_monsterinsights_skip_tracking":false,"_monsterinsights_sitenote_active":false,"_monsterinsights_sitenote_note":"","_monsterinsights_sitenote_category":0,"jetpack_post_was_ever_published":false,"footnotes":""},"class_list":["post-1421","page","type-page","status-publish","hentry"],"aioseo_notices":[],"jetpack_shortlink":"https:\/\/wp.me\/P5AnUm-mV","jetpack-related-posts":[],"jetpack_sharing_enabled":true,"_links":{"self":[{"href":"https:\/\/www.noubarris.net\/relligantnb\/index.php?rest_route=\/wp\/v2\/pages\/1421"}],"collection":[{"href":"https:\/\/www.noubarris.net\/relligantnb\/index.php?rest_route=\/wp\/v2\/pages"}],"about":[{"href":"https:\/\/www.noubarris.net\/relligantnb\/index.php?rest_route=\/wp\/v2\/types\/page"}],"author":[{"embeddable":true,"href":"https:\/\/www.noubarris.net\/relligantnb\/index.php?rest_route=\/wp\/v2\/users\/1"}],"replies":[{"embeddable":true,"href":"https:\/\/www.noubarris.net\/relligantnb\/index.php?rest_route=%2Fwp%2Fv2%2Fcomments&post=1421"}],"version-history":[{"count":0,"href":"https:\/\/www.noubarris.net\/relligantnb\/index.php?rest_route=\/wp\/v2\/pages\/1421\/revisions"}],"up":[{"embeddable":true,"href":"https:\/\/www.noubarris.net\/relligantnb\/index.php?rest_route=\/wp\/v2\/pages\/2000"}],"wp:attachment":[{"href":"https:\/\/www.noubarris.net\/relligantnb\/index.php?rest_route=%2Fwp%2Fv2%2Fmedia&parent=1421"}],"curies":[{"name":"wp","href":"https:\/\/api.w.org\/{rel}","templated":true}]}}