{"id":1522,"date":"2014-03-06T13:03:20","date_gmt":"2014-03-06T12:03:20","guid":{"rendered":"http:\/\/www.noubarris.net\/relligantnb\/?page_id=1522"},"modified":"2023-07-11T20:15:11","modified_gmt":"2023-07-11T19:15:11","slug":"porta","status":"publish","type":"page","link":"https:\/\/www.noubarris.net\/relligantnb\/?page_id=1522","title":{"rendered":"Porta"},"content":{"rendered":"<p style=\"text-align: justify;\">Delimitat pel passeig de Verdum, pel carrer del Doctor Pi i Molist, pel passeig de Fabra i Puig, per l&#8217;avinguda Meridiana i pel passeig de Valldaura trobem el barri de Porta.<\/p>\n<p><iframe loading=\"lazy\" src=\"\/\/www.youtube.com\/embed\/videoseries?list=PLiB0DlgbaQ3L0T68Tq-blCkqddyV_efg9\" height=\"360\" width=\"640\" allowfullscreen=\"\" frameborder=\"0\"><\/iframe><\/p>\n<p style=\"text-align: justify;\">L&#8217;augment de la poblaci\u00f3 a Sant Andreu va fer que l&#8217;any 1839 el cementiri es trasllad\u00e9s als terrenys de l&#8217;actual barri. Al voltant d\u2019aquest nucli, fins llavors poblat de masies com Can Verdaguer, es van anar edificant petites industries i vivendes que donarien origen a Porta.<\/p>\n<p style=\"text-align: justify;\">El barri t\u00e9 zones verdes com Can Drag\u00f3, que ocupa una extensi\u00f3 d&#8217;unes dotze hect\u00e0rees i integra equipaments esportius diversos amb amb un llac artificial i un parc urb\u00e0.<\/p>\n<p style=\"text-align: justify;\">Porta segurament tamb\u00e9 \u00e9s el barri del districte que m\u00e9s s\u2019ha transformat en els darrers temps, incorporant, entre d\u2019altres un centre comercial com \u00e9s Heron City o la seu de la UNED.<\/p>\n<p style=\"text-align: justify;\"><strong>Punts hist\u00f2rics:\u00a0<\/strong><a href=\"http:\/\/www.noubarris.net\/relligantnb\/?p=211\"><ul class=\"lcp_catlist\" id=\"lcp_instance_0\"><li><a href=\"https:\/\/www.noubarris.net\/relligantnb\/?p=2427\">Pla\u00e7a de S\u00f3ller<\/a><div class=\"lcp_excerpt\">La pla\u00e7a de S\u00f3ller \u00e9s una altra vict\u00f2ria ve\u00efnal. Als anys 60 i 70, es va comen\u00e7ar a urbanitzar els camps de conreu de Porta, als voltants de les masies de Can Verdaguer i can Valent, ...<\/div><\/li><li><a href=\"https:\/\/www.noubarris.net\/relligantnb\/?p=2240\">Els Aurigues Ol\u00edmpics de Can Drag\u00f3<\/a><div class=\"lcp_excerpt\">L\u2019any 1928 l\u2019escultor Pau Gargallo va rebre dos enc\u00e0rrecs. Un conjunt escult\u00f2ric format per dos atletes a cavall i un altre conjunt format per dos aurigues conduint dues bigues. Les escultures havien de presidir l\u2019Estadi Ol\u00edmpic ...<\/div><\/li><li><a href=\"https:\/\/www.noubarris.net\/relligantnb\/?p=201\">Cementiri de Sant Andreu<\/a><div class=\"lcp_excerpt\">L\u2019origen del recinte es remunta a l\u2019edat mitjana, quan el cementiri parroquial de Sant Andreu de Palomar es va quedar petit. A partir de l\u2019any 1837, l\u2019Ajuntament de la vila va decidir enderrocar l\u2019esgl\u00e9sia per fer-ne ...<\/div><\/li><li><a href=\"https:\/\/www.noubarris.net\/relligantnb\/?p=192\">Can Verdaguer<\/a><div class=\"lcp_excerpt\">Can Verdaguer ha estat la darrera masia que ha funcionat com a tal a la ciutat de Barcelona i ha esdevingut un s\u00edmbol del passat rural de Nou Barris. L\u2019antic casalot data del segle XVI i ...<\/div><\/li><li><a href=\"https:\/\/www.noubarris.net\/relligantnb\/?p=190\">Can Valent<\/a><div class=\"lcp_excerpt\">La masia de Can Valent, tamb\u00e9 coneguda com Can Pere Valent, es va construir al voltant dels segles XVI i XVII. \u00c9s una masia d&#8217;estructura cl\u00e0ssica, tot i que podem apreciar que la nau o el ...<\/div><\/li><\/ul><\/a><\/p>\n","protected":false},"excerpt":{"rendered":"<p>Delimitat pel passeig de Verdum, pel carrer del Doctor Pi i Molist, pel passeig de Fabra i Puig, per l&#8217;avinguda<\/p>\n","protected":false},"author":1,"featured_media":0,"parent":0,"menu_order":0,"comment_status":"closed","ping_status":"closed","template":"","meta":{"_monsterinsights_skip_tracking":false,"_monsterinsights_sitenote_active":false,"_monsterinsights_sitenote_note":"","_monsterinsights_sitenote_category":0,"jetpack_post_was_ever_published":false,"footnotes":""},"class_list":["post-1522","page","type-page","status-publish","hentry"],"aioseo_notices":[],"jetpack_shortlink":"https:\/\/wp.me\/P5AnUm-oy","jetpack-related-posts":[],"jetpack_sharing_enabled":true,"_links":{"self":[{"href":"https:\/\/www.noubarris.net\/relligantnb\/index.php?rest_route=\/wp\/v2\/pages\/1522"}],"collection":[{"href":"https:\/\/www.noubarris.net\/relligantnb\/index.php?rest_route=\/wp\/v2\/pages"}],"about":[{"href":"https:\/\/www.noubarris.net\/relligantnb\/index.php?rest_route=\/wp\/v2\/types\/page"}],"author":[{"embeddable":true,"href":"https:\/\/www.noubarris.net\/relligantnb\/index.php?rest_route=\/wp\/v2\/users\/1"}],"replies":[{"embeddable":true,"href":"https:\/\/www.noubarris.net\/relligantnb\/index.php?rest_route=%2Fwp%2Fv2%2Fcomments&post=1522"}],"version-history":[{"count":2,"href":"https:\/\/www.noubarris.net\/relligantnb\/index.php?rest_route=\/wp\/v2\/pages\/1522\/revisions"}],"predecessor-version":[{"id":3112,"href":"https:\/\/www.noubarris.net\/relligantnb\/index.php?rest_route=\/wp\/v2\/pages\/1522\/revisions\/3112"}],"wp:attachment":[{"href":"https:\/\/www.noubarris.net\/relligantnb\/index.php?rest_route=%2Fwp%2Fv2%2Fmedia&parent=1522"}],"curies":[{"name":"wp","href":"https:\/\/api.w.org\/{rel}","templated":true}]}}