{"id":64446,"date":"2015-10-28T10:45:41","date_gmt":"2015-10-28T08:45:41","guid":{"rendered":"http:\/\/www.noubarris.net\/web40\/?page_id=64446"},"modified":"2025-05-28T10:19:35","modified_gmt":"2025-05-28T08:19:35","slug":"qui-som","status":"publish","type":"page","link":"https:\/\/www.noubarris.net\/web40\/qui-som\/","title":{"rendered":"Qui som?"},"content":{"rendered":"\n<p class=\"p1\"><b>TRIA Nou Barris: Comunicaci\u00f3 participativa al servei del territori<\/b><\/p>\n<p class=\"p1\">El <b>projecte TRIA Nou Barris<\/b> \u2014sigles de <i>Taller de Recursos i Iniciatives Audiovisuals<\/i>\u2014 \u00e9s una iniciativa comunit\u00e0ria de <b>Nou Barris Televisi\u00f3<\/b> que esdev\u00e9 molt m\u00e9s que un simple projecte audiovisual. \u00c9s una <b>plataforma col\u00b7laborativa i oberta a la participaci\u00f3 ciutadana<\/b>, pensada per a totes aquelles persones amb inquietuds comunicatives i ganes d\u2019implicar-se activament en la vida del districte.<\/p>\n<p class=\"p1\">TRIA Nou Barris agrupa diversos projectes que comparteixen una mateixa filosofia: fer de la comunicaci\u00f3 una eina de transformaci\u00f3 social i cohesi\u00f3 comunit\u00e0ria. Aquests projectes s\u00f3n:<\/p>\n<ul class=\"ul1\">\n<li class=\"li1\"><b>noubarris.net<\/b>: el diari digital de proximitat que recull not\u00edcies, entrevistes i activitats dels 13 barris del districte.<\/li>\n<li class=\"li1\"><b>Nou Barris TV<\/b>: la televisi\u00f3 comunit\u00e0ria amb m\u00e9s de 35 anys de traject\u00f2ria, dedicada a la producci\u00f3 de continguts audiovisuals locals i participatius.<\/li>\n<li class=\"li1\"><b>Relligant Nou Barris<\/b>: una proposta de mem\u00f2ria hist\u00f2rica i divulgaci\u00f3 cultural que, mitjan\u00e7ant codis QR i v\u00eddeos, connecta espais i records del territori.<\/li>\n<li class=\"li1\"><b>L&#8217;Arxiu audiovisual de Nou Barris TV<\/b>: una valuosa col\u00b7lecci\u00f3 de documents gr\u00e0fics i v\u00eddeos que preserven la mem\u00f2ria viva del districte des dels anys 80.<\/li>\n<\/ul>\n<h4>Forma&#8217;n part!<\/h4>\n<p class=\"p1\">TRIA Nou Barris <b>ofereix un espai on ve\u00efns i ve\u00efnes de Nou Barris i de tota Barcelona poden formar-se i participar activament en el m\u00f3n de la comunicaci\u00f3<\/b>, amb el suport i la coordinaci\u00f3 de professionals del sector. Tant si tens experi\u00e8ncia pr\u00e8via com si parteixes de zero, aqu\u00ed trobar\u00e0s un espai on cr\u00e9ixer, aprendre i compartir.<\/p>\n<p class=\"p1\">Les tasques que es poden desenvolupar com a <b>persona volunt\u00e0ria<\/b> s\u00f3n molt diverses: <b>periodisme<\/b>, <b>realitzaci\u00f3 audiovisual<\/b>, <b>reporterisme<\/b>, <b>presentaci\u00f3<\/b>, <b>disseny gr\u00e0fic<\/b>, <b>gesti\u00f3 d\u2019arxius<\/b> i molt m\u00e9s. <b>\u00c9s un projecte obert, horitzontal i en constant evoluci\u00f3<\/b>, on tothom hi pot aportar la seva mirada, coneixements i creativitat.<\/p>\n<p class=\"p1\">A m\u00e9s, TRIA Nou Barris <b>ofereix formaci\u00f3 en comunicaci\u00f3 i Tecnologies de la Informaci\u00f3 i la Comunicaci\u00f3 (TIC)<\/b>, amb l\u2019objectiu de fomentar l\u2019empoderament digital i evitar l\u2019exclusi\u00f3 tecnol\u00f2gica.<\/p>\n<p class=\"p1\"><b>Si t\u2019agrada la comunicaci\u00f3, tens ganes de con\u00e8ixer gent, aprendre coses noves i contribuir a explicar la realitat del teu barri, aquest \u00e9s el teu lloc.<\/b> T\u2019animem a sumar-te al projecte com a voluntari o volunt\u00e0ria i fer cr\u00e9ixer aquesta xarxa col\u00b7laborativa que construeix, cada dia, una mirada pr\u00f2pia i compromesa des de Nou Barris.<\/p>\n\n\n\n<figure class=\"wp-block-embed aligncenter is-type-video is-provider-youtube wp-block-embed-youtube wp-embed-aspect-16-9 wp-has-aspect-ratio\"><div class=\"wp-block-embed__wrapper\">\n<iframe loading=\"lazy\" title=\"Col\u00b7labora a Nou Barris TV!\" width=\"800\" height=\"450\" src=\"https:\/\/www.youtube.com\/embed\/ZatNmTezrN4?feature=oembed\" frameborder=\"0\" allow=\"accelerometer; autoplay; clipboard-write; encrypted-media; gyroscope; picture-in-picture; web-share\" referrerpolicy=\"strict-origin-when-cross-origin\" allowfullscreen><\/iframe>\n<\/div><\/figure>\n\n\n\n<p><strong>On som?<\/strong><\/p>\n\n\n<div id=\"wpgmza_map\" class=\"wpgmza_map\" data-settings='{\"id\":\"1\",\"map_title\":\"My first map\",\"map_width\":\"100\",\"map_height\":\"400\",\"map_start_lat\":\"41.445143\",\"map_start_lng\":\"2.172602\",\"map_start_location\":\"41.445143168966254,2.172602342367025\",\"map_start_zoom\":\"14\",\"default_marker\":\"0\",\"type\":\"1\",\"alignment\":\"1\",\"directions_enabled\":\"1\",\"styling_enabled\":\"0\",\"styling_json\":\"\",\"active\":\"0\",\"kml\":\"\",\"bicycle\":\"0\",\"traffic\":\"0\",\"dbox\":\"1\",\"dbox_width\":\"250\",\"listmarkers\":\"0\",\"listmarkers_advanced\":\"0\",\"filterbycat\":\"0\",\"ugm_enabled\":\"0\",\"ugm_category_enabled\":\"0\",\"fusion\":\"\",\"map_width_type\":\"\\\\%\",\"map_height_type\":\"px\",\"mass_marker_support\":\"1\",\"ugm_access\":\"0\",\"order_markers_by\":\"1\",\"order_markers_choice\":\"2\",\"show_user_location\":\"0\",\"default_to\":\"\",\"other_settings\":{\"store_locator_enabled\":2,\"store_locator_distance\":2,\"store_locator_bounce\":1,\"store_locator_query_string\":\"ZIP \\\/ Address:\",\"wpgmza_store_locator_restrict\":\"\",\"map_max_zoom\":\"1\",\"transport_layer\":0}}' data-map-id='1' Data-maps-engine='' data-shortcode-attributes='{\"id\":\"1\"}' style=\"display:block; overflow:auto; width:100%; height:400px; float:left;\"><\/div>\n\n\n\n<p>&nbsp;<\/p>\n\n\n\n\n\n<h5>Apunta&#8217;t o contacta&#8217;ns!<\/h5>\n<p><strong>\n<div class=\"wpcf7 no-js\" id=\"wpcf7-f65369-o1\" lang=\"ca\" dir=\"ltr\" data-wpcf7-id=\"65369\">\n<div class=\"screen-reader-response\"><p role=\"status\" aria-live=\"polite\" aria-atomic=\"true\"><\/p> <ul><\/ul><\/div>\n<form action=\"\/web40\/wp-json\/wp\/v2\/pages\/64446#wpcf7-f65369-o1\" method=\"post\" class=\"wpcf7-form init\" aria-label=\"Formulari de contacte\" novalidate=\"novalidate\" data-status=\"init\">\n<fieldset class=\"hidden-fields-container\"><input type=\"hidden\" name=\"_wpcf7\" value=\"65369\" \/><input type=\"hidden\" name=\"_wpcf7_version\" value=\"6.1.5\" \/><input type=\"hidden\" name=\"_wpcf7_locale\" value=\"ca\" \/><input type=\"hidden\" name=\"_wpcf7_unit_tag\" value=\"wpcf7-f65369-o1\" \/><input type=\"hidden\" name=\"_wpcf7_container_post\" value=\"0\" \/><input type=\"hidden\" name=\"_wpcf7_posted_data_hash\" value=\"\" \/><input type=\"hidden\" name=\"_wpcf7_recaptcha_response\" value=\"\" \/>\n<\/fieldset>\n<p>El teu nom (obligatori)\n<\/p>\n<p><span class=\"wpcf7-form-control-wrap\" data-name=\"your-name\"><input size=\"40\" maxlength=\"400\" class=\"wpcf7-form-control wpcf7-text wpcf7-validates-as-required\" aria-required=\"true\" aria-invalid=\"false\" value=\"\" type=\"text\" name=\"your-name\" \/><\/span>\n<\/p>\n<p>El teu email (obligatori)\n<\/p>\n<p><span class=\"wpcf7-form-control-wrap\" data-name=\"your-email\"><input size=\"40\" maxlength=\"400\" class=\"wpcf7-form-control wpcf7-email wpcf7-validates-as-required wpcf7-text wpcf7-validates-as-email\" aria-required=\"true\" aria-invalid=\"false\" value=\"\" type=\"email\" name=\"your-email\" \/><\/span>\n<\/p>\n<p>Assumpte\n<\/p>\n<p><span class=\"wpcf7-form-control-wrap\" data-name=\"your-subject\"><input size=\"40\" maxlength=\"400\" class=\"wpcf7-form-control wpcf7-text\" aria-invalid=\"false\" value=\"\" type=\"text\" name=\"your-subject\" \/><\/span>\n<\/p>\n<p>El teu missatge\n<\/p>\n<p><span class=\"wpcf7-form-control-wrap\" data-name=\"your-message\"><textarea cols=\"40\" rows=\"10\" maxlength=\"2000\" class=\"wpcf7-form-control wpcf7-textarea\" aria-invalid=\"false\" name=\"your-message\"><\/textarea><\/span>\n<\/p>\n<p><span class=\"wpcf7-form-control-wrap\" data-name=\"acceptance-336\"><span class=\"wpcf7-form-control wpcf7-acceptance\"><span class=\"wpcf7-list-item\"><input type=\"checkbox\" name=\"acceptance-336\" value=\"1\" aria-invalid=\"false\" \/><\/span><\/span><\/span><small> <a href=\"https:\/\/www.noubarris.net\/web40\/?page_id=71342\" rel=\"noopener\" target=\"_blank\">Accepto la pol\u00edtica de privacitat<\/a> <\/small>\n<\/p>\n<p><br \/>\n\n<\/p>\n<p style=\"text-align: right;\"><input class=\"wpcf7-form-control wpcf7-submit has-spinner\" type=\"submit\" value=\"Enviar\" \/>\n<\/p><p style=\"display: none !important;\" class=\"akismet-fields-container\" data-prefix=\"_wpcf7_ak_\"><label>&#916;<textarea name=\"_wpcf7_ak_hp_textarea\" cols=\"45\" rows=\"8\" maxlength=\"100\"><\/textarea><\/label><input type=\"hidden\" id=\"ak_js_1\" name=\"_wpcf7_ak_js\" value=\"172\"\/><script type=\"text\/javascript\">\n\/* <![CDATA[ *\/\ndocument.getElementById( \"ak_js_1\" ).setAttribute( \"value\", ( new Date() ).getTime() );\n\/* ]]> *\/\n<\/script>\n<\/p><div class=\"wpcf7-response-output\" aria-hidden=\"true\"><\/div>\n<\/form>\n<\/div>\n<\/strong><\/p>\n\n\n","protected":false},"excerpt":{"rendered":"<p>TRIA Nou Barris: Comunicaci\u00f3 participativa al servei del territori El projecte TRIA Nou Barris \u2014sigles de Taller de Recursos i<\/p>\n","protected":false},"author":2,"featured_media":85175,"parent":0,"menu_order":0,"comment_status":"closed","ping_status":"closed","template":"","meta":{"colormag_page_layout":"default_layout","_monsterinsights_skip_tracking":false,"_monsterinsights_sitenote_active":false,"_monsterinsights_sitenote_note":"","_monsterinsights_sitenote_category":0,"footnotes":""},"class_list":["post-64446","page","type-page","status-publish","has-post-thumbnail","hentry"],"yoast_head":"<!-- This site is optimized with the Yoast SEO plugin v25.3 - https:\/\/yoast.com\/wordpress\/plugins\/seo\/ -->\n<title>Qui som? - NouBarris.Net<\/title>\n<meta name=\"robots\" content=\"index, follow, max-snippet:-1, max-image-preview:large, max-video-preview:-1\" \/>\n<link rel=\"canonical\" href=\"https:\/\/www.noubarris.net\/web40\/qui-som\/\" \/>\n<meta property=\"og:locale\" content=\"ca_ES\" \/>\n<meta property=\"og:type\" content=\"article\" \/>\n<meta property=\"og:title\" content=\"Qui som? - NouBarris.Net\" \/>\n<meta property=\"og:description\" content=\"TRIA Nou Barris: Comunicaci\u00f3 participativa al servei del territori El projecte TRIA Nou Barris \u2014sigles de Taller de Recursos i\" \/>\n<meta property=\"og:url\" content=\"https:\/\/www.noubarris.net\/web40\/qui-som\/\" \/>\n<meta property=\"og:site_name\" content=\"NouBarris.Net\" \/>\n<meta property=\"article:publisher\" content=\"https:\/\/www.facebook.com\/NouBarris.net\/?locale=es_ES\" \/>\n<meta property=\"article:modified_time\" content=\"2025-05-28T08:19:35+00:00\" \/>\n<meta property=\"og:image\" content=\"https:\/\/www.noubarris.net\/web40\/wp-content\/uploads\/2025\/05\/WhatsApp-Image-2025-05-28-at-10.17.47-1.jpeg\" \/>\n\t<meta property=\"og:image:width\" content=\"2048\" \/>\n\t<meta property=\"og:image:height\" content=\"1153\" \/>\n\t<meta property=\"og:image:type\" content=\"image\/jpeg\" \/>\n<meta name=\"twitter:card\" content=\"summary_large_image\" \/>\n<meta name=\"twitter:site\" content=\"@9BTV\" \/>\n<meta name=\"twitter:label1\" content=\"Temps estimat de lectura\" \/>\n\t<meta name=\"twitter:data1\" content=\"3 minuts\" \/>\n<script type=\"application\/ld+json\" class=\"yoast-schema-graph\">{\"@context\":\"https:\/\/schema.org\",\"@graph\":[{\"@type\":\"WebPage\",\"@id\":\"https:\/\/www.noubarris.net\/web40\/qui-som\/\",\"url\":\"https:\/\/www.noubarris.net\/web40\/qui-som\/\",\"name\":\"Qui som? - NouBarris.Net\",\"isPartOf\":{\"@id\":\"https:\/\/www.noubarris.net\/web40\/#website\"},\"primaryImageOfPage\":{\"@id\":\"https:\/\/www.noubarris.net\/web40\/qui-som\/#primaryimage\"},\"image\":{\"@id\":\"https:\/\/www.noubarris.net\/web40\/qui-som\/#primaryimage\"},\"thumbnailUrl\":\"https:\/\/www.noubarris.net\/web40\/wp-content\/uploads\/2025\/05\/WhatsApp-Image-2025-05-28-at-10.17.47-1.jpeg\",\"datePublished\":\"2015-10-28T08:45:41+00:00\",\"dateModified\":\"2025-05-28T08:19:35+00:00\",\"breadcrumb\":{\"@id\":\"https:\/\/www.noubarris.net\/web40\/qui-som\/#breadcrumb\"},\"inLanguage\":\"ca\",\"potentialAction\":[{\"@type\":\"ReadAction\",\"target\":[\"https:\/\/www.noubarris.net\/web40\/qui-som\/\"]}]},{\"@type\":\"ImageObject\",\"inLanguage\":\"ca\",\"@id\":\"https:\/\/www.noubarris.net\/web40\/qui-som\/#primaryimage\",\"url\":\"https:\/\/www.noubarris.net\/web40\/wp-content\/uploads\/2025\/05\/WhatsApp-Image-2025-05-28-at-10.17.47-1.jpeg\",\"contentUrl\":\"https:\/\/www.noubarris.net\/web40\/wp-content\/uploads\/2025\/05\/WhatsApp-Image-2025-05-28-at-10.17.47-1.jpeg\",\"width\":2048,\"height\":1153,\"caption\":\"col\u00b7labora a noubarris.net\"},{\"@type\":\"BreadcrumbList\",\"@id\":\"https:\/\/www.noubarris.net\/web40\/qui-som\/#breadcrumb\",\"itemListElement\":[{\"@type\":\"ListItem\",\"position\":1,\"name\":\"Inici\",\"item\":\"https:\/\/www.noubarris.net\/web40\/\"},{\"@type\":\"ListItem\",\"position\":2,\"name\":\"Qui som?\"}]},{\"@type\":\"WebSite\",\"@id\":\"https:\/\/www.noubarris.net\/web40\/#website\",\"url\":\"https:\/\/www.noubarris.net\/web40\/\",\"name\":\"NouBarris.Net\",\"description\":\"Seguint la vida de Nou Barris des de 1985\",\"publisher\":{\"@id\":\"https:\/\/www.noubarris.net\/web40\/#organization\"},\"potentialAction\":[{\"@type\":\"SearchAction\",\"target\":{\"@type\":\"EntryPoint\",\"urlTemplate\":\"https:\/\/www.noubarris.net\/web40\/?s={search_term_string}\"},\"query-input\":{\"@type\":\"PropertyValueSpecification\",\"valueRequired\":true,\"valueName\":\"search_term_string\"}}],\"inLanguage\":\"ca\"},{\"@type\":\"Organization\",\"@id\":\"https:\/\/www.noubarris.net\/web40\/#organization\",\"name\":\"NouBarris.Net\",\"url\":\"https:\/\/www.noubarris.net\/web40\/\",\"logo\":{\"@type\":\"ImageObject\",\"inLanguage\":\"ca\",\"@id\":\"https:\/\/www.noubarris.net\/web40\/#\/schema\/logo\/image\/\",\"url\":\"https:\/\/www.noubarris.net\/web40\/wp-content\/uploads\/2024\/11\/cropped-cropped-LOGO_9BTV-2024_Insta-1.jpg\",\"contentUrl\":\"https:\/\/www.noubarris.net\/web40\/wp-content\/uploads\/2024\/11\/cropped-cropped-LOGO_9BTV-2024_Insta-1.jpg\",\"width\":512,\"height\":512,\"caption\":\"NouBarris.Net\"},\"image\":{\"@id\":\"https:\/\/www.noubarris.net\/web40\/#\/schema\/logo\/image\/\"},\"sameAs\":[\"https:\/\/www.facebook.com\/NouBarris.net\/?locale=es_ES\",\"https:\/\/x.com\/9BTV\"]}]}<\/script>\n<!-- \/ Yoast SEO plugin. -->","yoast_head_json":{"title":"Qui som? - NouBarris.Net","robots":{"index":"index","follow":"follow","max-snippet":"max-snippet:-1","max-image-preview":"max-image-preview:large","max-video-preview":"max-video-preview:-1"},"canonical":"https:\/\/www.noubarris.net\/web40\/qui-som\/","og_locale":"ca_ES","og_type":"article","og_title":"Qui som? - NouBarris.Net","og_description":"TRIA Nou Barris: Comunicaci\u00f3 participativa al servei del territori El projecte TRIA Nou Barris \u2014sigles de Taller de Recursos i","og_url":"https:\/\/www.noubarris.net\/web40\/qui-som\/","og_site_name":"NouBarris.Net","article_publisher":"https:\/\/www.facebook.com\/NouBarris.net\/?locale=es_ES","article_modified_time":"2025-05-28T08:19:35+00:00","og_image":[{"width":2048,"height":1153,"url":"https:\/\/www.noubarris.net\/web40\/wp-content\/uploads\/2025\/05\/WhatsApp-Image-2025-05-28-at-10.17.47-1.jpeg","type":"image\/jpeg"}],"twitter_card":"summary_large_image","twitter_site":"@9BTV","twitter_misc":{"Temps estimat de lectura":"3 minuts"},"schema":{"@context":"https:\/\/schema.org","@graph":[{"@type":"WebPage","@id":"https:\/\/www.noubarris.net\/web40\/qui-som\/","url":"https:\/\/www.noubarris.net\/web40\/qui-som\/","name":"Qui som? - NouBarris.Net","isPartOf":{"@id":"https:\/\/www.noubarris.net\/web40\/#website"},"primaryImageOfPage":{"@id":"https:\/\/www.noubarris.net\/web40\/qui-som\/#primaryimage"},"image":{"@id":"https:\/\/www.noubarris.net\/web40\/qui-som\/#primaryimage"},"thumbnailUrl":"https:\/\/www.noubarris.net\/web40\/wp-content\/uploads\/2025\/05\/WhatsApp-Image-2025-05-28-at-10.17.47-1.jpeg","datePublished":"2015-10-28T08:45:41+00:00","dateModified":"2025-05-28T08:19:35+00:00","breadcrumb":{"@id":"https:\/\/www.noubarris.net\/web40\/qui-som\/#breadcrumb"},"inLanguage":"ca","potentialAction":[{"@type":"ReadAction","target":["https:\/\/www.noubarris.net\/web40\/qui-som\/"]}]},{"@type":"ImageObject","inLanguage":"ca","@id":"https:\/\/www.noubarris.net\/web40\/qui-som\/#primaryimage","url":"https:\/\/www.noubarris.net\/web40\/wp-content\/uploads\/2025\/05\/WhatsApp-Image-2025-05-28-at-10.17.47-1.jpeg","contentUrl":"https:\/\/www.noubarris.net\/web40\/wp-content\/uploads\/2025\/05\/WhatsApp-Image-2025-05-28-at-10.17.47-1.jpeg","width":2048,"height":1153,"caption":"col\u00b7labora a noubarris.net"},{"@type":"BreadcrumbList","@id":"https:\/\/www.noubarris.net\/web40\/qui-som\/#breadcrumb","itemListElement":[{"@type":"ListItem","position":1,"name":"Inici","item":"https:\/\/www.noubarris.net\/web40\/"},{"@type":"ListItem","position":2,"name":"Qui som?"}]},{"@type":"WebSite","@id":"https:\/\/www.noubarris.net\/web40\/#website","url":"https:\/\/www.noubarris.net\/web40\/","name":"NouBarris.Net","description":"Seguint la vida de Nou Barris des de 1985","publisher":{"@id":"https:\/\/www.noubarris.net\/web40\/#organization"},"potentialAction":[{"@type":"SearchAction","target":{"@type":"EntryPoint","urlTemplate":"https:\/\/www.noubarris.net\/web40\/?s={search_term_string}"},"query-input":{"@type":"PropertyValueSpecification","valueRequired":true,"valueName":"search_term_string"}}],"inLanguage":"ca"},{"@type":"Organization","@id":"https:\/\/www.noubarris.net\/web40\/#organization","name":"NouBarris.Net","url":"https:\/\/www.noubarris.net\/web40\/","logo":{"@type":"ImageObject","inLanguage":"ca","@id":"https:\/\/www.noubarris.net\/web40\/#\/schema\/logo\/image\/","url":"https:\/\/www.noubarris.net\/web40\/wp-content\/uploads\/2024\/11\/cropped-cropped-LOGO_9BTV-2024_Insta-1.jpg","contentUrl":"https:\/\/www.noubarris.net\/web40\/wp-content\/uploads\/2024\/11\/cropped-cropped-LOGO_9BTV-2024_Insta-1.jpg","width":512,"height":512,"caption":"NouBarris.Net"},"image":{"@id":"https:\/\/www.noubarris.net\/web40\/#\/schema\/logo\/image\/"},"sameAs":["https:\/\/www.facebook.com\/NouBarris.net\/?locale=es_ES","https:\/\/x.com\/9BTV"]}]}},"_links":{"self":[{"href":"https:\/\/www.noubarris.net\/web40\/wp-json\/wp\/v2\/pages\/64446","targetHints":{"allow":["GET"]}}],"collection":[{"href":"https:\/\/www.noubarris.net\/web40\/wp-json\/wp\/v2\/pages"}],"about":[{"href":"https:\/\/www.noubarris.net\/web40\/wp-json\/wp\/v2\/types\/page"}],"author":[{"embeddable":true,"href":"https:\/\/www.noubarris.net\/web40\/wp-json\/wp\/v2\/users\/2"}],"replies":[{"embeddable":true,"href":"https:\/\/www.noubarris.net\/web40\/wp-json\/wp\/v2\/comments?post=64446"}],"version-history":[{"count":10,"href":"https:\/\/www.noubarris.net\/web40\/wp-json\/wp\/v2\/pages\/64446\/revisions"}],"predecessor-version":[{"id":85174,"href":"https:\/\/www.noubarris.net\/web40\/wp-json\/wp\/v2\/pages\/64446\/revisions\/85174"}],"wp:featuredmedia":[{"embeddable":true,"href":"https:\/\/www.noubarris.net\/web40\/wp-json\/wp\/v2\/media\/85175"}],"wp:attachment":[{"href":"https:\/\/www.noubarris.net\/web40\/wp-json\/wp\/v2\/media?parent=64446"}],"curies":[{"name":"wp","href":"https:\/\/api.w.org\/{rel}","templated":true}]}}