{"id":8,"date":"2015-06-16T18:32:26","date_gmt":"2015-06-16T18:32:26","guid":{"rendered":"http:\/\/www.noubarris.net\/web40\/?page_id=8"},"modified":"2015-06-16T18:38:44","modified_gmt":"2015-06-16T18:38:44","slug":"mas-informacion-sobre-las-cookies","status":"publish","type":"page","link":"https:\/\/www.noubarris.net\/web40\/mas-informacion-sobre-las-cookies\/","title":{"rendered":"M\u00e9s informaci\u00f3 sobre les &#8220;cookies&#8221;"},"content":{"rendered":"<h2 style=\"text-align: justify;\">\u00bfQu\u00e8 \u00e9s una\u00a0&#8220;cookie&#8221;?<\/h2>\n<p style=\"text-align: justify;\">Una &#8220;cookie&#8221; \u00e9s un fitxer de text <strong>inofensiu<\/strong> que s&#8217;emmagatzema en el seu navegador quan visita gaireb\u00e9 qualsevol p\u00e0gina web. La utilitat de la &#8220;cookie&#8221; \u00e9s que la web sigui capa\u00e7 de recordar la seva visita quan torni a navegar per aquesta p\u00e0gina. Encara que molta gent no ho sap les &#8220;cookies&#8221; es porten utilitzant des de fa 20 anys, quan van apar\u00e8ixer els primers navegadors per la World Wide Web.<\/p>\n<h2 style=\"text-align: justify;\">\u00bfQu\u00e8 NO \u00c9S una &#8220;cookie&#8221;?<\/h2>\n<p style=\"text-align: justify;\">No \u00e9s un virus, ni un troy\u00e0, ni un cuc, ni spam, ni spyware, ni obre finestres pop-up.<\/p>\n<h2 style=\"text-align: justify;\">Qu\u00e9 informaci\u00f3 emmagatzema\u00a0una &#8220;<em>cookie&#8221;<\/em>?<\/h2>\n<p style=\"text-align: justify;\">Les &#8220;cookies&#8221; no solen emmagatzemar informaci\u00f3 sensible sobre vost\u00e8, com a targetes de cr\u00e8dit o dades banc\u00e0ries, fotografies, el seu DNI o informaci\u00f3 personal, etc. Les dades que guarden s\u00f3n de car\u00e0cter t\u00e8cnic, prefer\u00e8ncies personals, personalitzaci\u00f3 de continguts, etc.<\/p>\n<p style=\"text-align: justify;\">El servidor web no li associa a vost\u00e8 com a persona si no al seu navegador web. De fet, si vost\u00e8 navega habitualment amb Internet Explorer i prova a navegar per la mateixa web amb Firefox o Chrome veur\u00e0 que la web no s&#8217;adona que \u00e9s vost\u00e8 la mateixa persona perqu\u00e8 en realitat est\u00e0 associant al navegador, no a la persona.<\/p>\n<h2 style=\"text-align: justify;\">Quin tipus de &#8220;cookies&#8221; existeixen?<\/h2>\n<ul style=\"text-align: justify;\">\n<li>&#8220;Cookies&#8221; t\u00e8cniques: S\u00f3n les m\u00e9s elementals i permeten, entre altres coses, saber quan est\u00e0 navegant un hum\u00e0 o una aplicaci\u00f3 automatitzada, quan navega un usuari an\u00f2nim i un registrat, tasques b\u00e0siques per al funcionament de qualsevol web din\u00e0mica.<\/li>\n<li>&#8220;Cookies&#8221; d&#8217;an\u00e0lisi: Recullen informaci\u00f3 sobre el tipus de navegaci\u00f3 que est\u00e0 realitzant, les seccions que m\u00e9s utilitza, productes consultats, franja hor\u00e0ria d&#8217;\u00fas, idioma, etc.<\/li>\n<li>&#8220;Cookies&#8221; publicit\u00e0ries: Mostren publicitat en funci\u00f3 de la seva navegaci\u00f3, el seu pa\u00eds de proced\u00e8ncia, idioma, etc.<\/li>\n<\/ul>\n<h2 style=\"text-align: justify;\">Qu\u00e8 s\u00f3n les &#8220;cookies&#8221; pr\u00f2pies i les de tercers?<\/h2>\n<p style=\"text-align: justify;\">Les &#8220;cookies&#8221; pr\u00f2pies s\u00f3n les generades per la p\u00e0gina que est\u00e0 visitant i les de tercers s\u00f3n les generades per serveis o prove\u00efdors externs com Facebook, Twitter, Google, etc.<\/p>\n<h2 style=\"text-align: justify;\">Qu\u00e8 ocorre si desactivo les &#8220;cookies&#8221;?<\/h2>\n<p style=\"text-align: justify;\">Perqu\u00e8 entengui l&#8217;abast que pot tenir desactivar les cookies li vam mostrar uns exemples:<\/p>\n<ul style=\"text-align: justify;\">\n<li>No podr\u00e0 compartir continguts d&#8217;aquesta web en Facebook, Twitter o qualsevol altra xarxa social.<\/li>\n<li>El lloc web no podr\u00e0 adaptar els continguts a les seves prefer\u00e8ncies personals, com sol oc\u00f3rrer en les tendes <em>online<\/em>.<\/li>\n<li>No podr\u00e0 accedir a l&#8217;\u00e0rea personal d&#8217;aquesta web, com per exemple <em>El meu compte<\/em>, o <em>El meu perfil<\/em> o Les meves comandes.<\/li>\n<li>Tendes <em>online<\/em>: Li ser\u00e0 impossible realitzar compres <em>online<\/em>, hauran de ser telef\u00f2niques o visitant la tenda f\u00edsica si \u00e9s que disposa d&#8217;ella.<\/li>\n<li>No ser\u00e0 possible personalitzar les seves prefer\u00e8ncies geogr\u00e0fiques com a franja hor\u00e0ria, divisa o idioma.<\/li>\n<li>El lloc web no podr\u00e0 realitzar anal\u00edtiques web sobre visitants i tr\u00e0fic en la web, la qual cosa dificultar\u00e0 que la web sigui competitiva.<\/li>\n<li>No podr\u00e0 escriure en el blog, no podr\u00e0 pujar fotos, publicar comentaris, valorar o puntuar continguts. La web tampoc podr\u00e0 saber si vost\u00e8 \u00e9s un hum\u00e0 o una aplicaci\u00f3 automatitzada que publica <em>spam<\/em>.<\/li>\n<li>No es podr\u00e0 mostrar publicitat sectorizada, la qual cosa reduir\u00e0 els ingressos publicitaris de la web.<\/li>\n<li>Totes les xarxes socials usen cookies, si les desactiva no podr\u00e0 utilitzar cap xarxa social.<\/li>\n<\/ul>\n<h2 style=\"text-align: justify;\">Es poden eliminar les &#8220;cookies&#8221;?<\/h2>\n<p style=\"text-align: justify;\">Si. No nom\u00e9s eliminar, tamb\u00e9 bloquejar, de forma general o particular per a un domini espec\u00edfic.<\/p>\n<p style=\"text-align: justify;\">Per eliminar les cookies d&#8217;un lloc web ha d&#8217;anar a la configuraci\u00f3 del seu navegador i all\u00ed podr\u00e0 buscar les associades al domini en q\u00fcesti\u00f3 i procedir a la seva eliminaci\u00f3.<\/p>\n<h2 id=\"navegadores\" style=\"text-align: justify;\">Configuraci\u00f3 de &#8220;cookies&#8221; per als navegadors m\u00e9s polulares<\/h2>\n<p style=\"text-align: justify;\">A continuaci\u00f3 li indiquem com accedir a una cookie determinada del navegador <strong>Chrome<\/strong>. Nota: aquests passos poden variar en funci\u00f3 de la versi\u00f3 del navegador:<\/p>\n<ul style=\"text-align: justify;\">\n<li>Vagi a Configuraci\u00f3 o Prefer\u00e8ncies mitjan\u00e7ant el men\u00fa Arxivo o ben punxant la icona de personalitzaci\u00f3 que apareix a dalt a la dreta.<\/li>\n<li>Veur\u00e0 diferents seccions, punxi l&#8217;opci\u00f3 Mostrar opcions avan\u00e7ades.<\/li>\n<li>Vagi a Privadesa, Configuraci\u00f3 de contingut.<\/li>\n<li>Seleccioni Totes les cookies i les dades de llocs.<\/li>\n<li>Apareixer\u00e0 un llistat amb totes les cookies ordenades per domini. Perqu\u00e8 li sigui m\u00e9s f\u00e0cil trobar les cookies d&#8217;un determinat domini introdueixi parcial o totalment l&#8217;adre\u00e7a en el camp Buscar cookies.<\/li>\n<li>Despr\u00e9s de realitzar aquest filtre apareixeran en pantalla una o diverses l\u00ednies amb les cookies de la web sol\u00b7licitada. Ara nom\u00e9s ha de seleccionar-la i pr\u00e9mer la X per procedir a la seva eliminaci\u00f3.<\/li>\n<\/ul>\n<p style=\"text-align: justify;\">Per accedir a la configuraci\u00f3 de cookies del navegador<strong> Internet Explorer<\/strong> segueixi aquests passos (poden variar en funci\u00f3 de la versi\u00f3 del navegador):<\/p>\n<ul style=\"text-align: justify;\">\n<li>Vagi a Eines, Opcions d&#8217;Internet<\/li>\n<li>Faci clic en Privadesa.<\/li>\n<li>Mogui el deslizador fins a ajustar el nivell de privadesa que desitgi.<\/li>\n<\/ul>\n<p style=\"text-align: justify;\">Per accedir a la configuraci\u00f3 de cookies del navegador <strong>Firefox<\/strong> segueixi aquests passos (poden variar en funci\u00f3 de la versi\u00f3 del navegador):<\/p>\n<ul style=\"text-align: justify;\">\n<li>Vagi a Opcions o Prefer\u00e8ncies segons el seu sistema operatiu.<\/li>\n<li>Faci clic en Privadesa.<\/li>\n<li>En Historial tri\u00ef Usar una configuraci\u00f3 personalitzada per a l&#8217;historial.<\/li>\n<li>Ara veur\u00e0 l&#8217;opci\u00f3 Acceptar cookies, pot activar-la o desactivar-la segons les seves prefer\u00e8ncies.<\/li>\n<\/ul>\n<p style=\"text-align: justify;\">Per accedir a la configuraci\u00f3 de cookies del navegador <strong>Safari per OSX<\/strong> segueixi aquests passos (poden variar en funci\u00f3 de la versi\u00f3 del navegador):<\/p>\n<ul style=\"text-align: justify;\">\n<li>Vagi a Prefer\u00e8ncies, despr\u00e9s Privadesa.<\/li>\n<li>En aquest lloc veur\u00e0 l&#8217;opci\u00f3 Bloquejar cookies perqu\u00e8 ajusti el tipus de bloqueig que desitja realitzar.<\/li>\n<\/ul>\n<p style=\"text-align: justify;\">Per accedir a la configuraci\u00f3 de cookies del navegador <strong>Safari<\/strong> per iOS segueixi aquests passos (poden variar en funci\u00f3 de la versi\u00f3 del navegador):<\/p>\n<ul style=\"text-align: justify;\">\n<li>Vagi a Ajustos, despr\u00e9s Safari.<\/li>\n<li>Vagi a Privadesa i Seguretat, veur\u00e0 l&#8217;opci\u00f3 Bloquejar cookies perqu\u00e8 ajusti el tipus de bloqueig que desitja realitzar.<\/li>\n<\/ul>\n<p style=\"text-align: justify;\">Per accedir a la configuraci\u00f3 de cookies del navegador per a dispositius <strong>Android<\/strong> segueixi aquests passos (poden variar en funci\u00f3 de la versi\u00f3 del navegador):<\/p>\n<ul style=\"text-align: justify;\">\n<li>Executi el navegador i premi la tecla Men\u00fa, despr\u00e9s Ajustos.<\/li>\n<li>Vagi a Seguretat i Privadesa, veur\u00e0 l&#8217;opci\u00f3 Acceptar cookies perqu\u00e8 activi o desactivi la casella.<\/li>\n<\/ul>\n<p style=\"text-align: justify;\">Per accedir a la configuraci\u00f3 de cookies del navegador per a dispositius <strong>Windows Phone<\/strong> segueixi aquests passos (poden variar en funci\u00f3 de la versi\u00f3 del navegador):<\/p>\n<ul>\n<li style=\"text-align: justify;\">Obri Internet Explorer, despr\u00e9s M\u00e9s, despr\u00e9s Configuraci\u00f3<\/li>\n<li style=\"text-align: justify;\">Ara pot activar o desactivar la casella Permetre cookies.<\/li>\n<\/ul>\n","protected":false},"excerpt":{"rendered":"<p>\u00bfQu\u00e8 \u00e9s una\u00a0&#8220;cookie&#8221;? Una &#8220;cookie&#8221; \u00e9s un fitxer de text inofensiu que s&#8217;emmagatzema en el seu navegador quan visita gaireb\u00e9<\/p>\n","protected":false},"author":2,"featured_media":0,"parent":0,"menu_order":0,"comment_status":"closed","ping_status":"closed","template":"","meta":{"colormag_page_layout":"default_layout","_monsterinsights_skip_tracking":false,"_monsterinsights_sitenote_active":false,"_monsterinsights_sitenote_note":"","_monsterinsights_sitenote_category":0,"footnotes":""},"class_list":["post-8","page","type-page","status-publish","hentry"],"yoast_head":"<!-- This site is optimized with the Yoast SEO plugin v25.3 - https:\/\/yoast.com\/wordpress\/plugins\/seo\/ -->\n<title>M\u00e9s informaci\u00f3 sobre les &quot;cookies&quot; - NouBarris.Net<\/title>\n<meta name=\"robots\" content=\"index, follow, max-snippet:-1, max-image-preview:large, max-video-preview:-1\" \/>\n<link rel=\"canonical\" href=\"https:\/\/www.noubarris.net\/web40\/mas-informacion-sobre-las-cookies\/\" \/>\n<meta property=\"og:locale\" content=\"ca_ES\" \/>\n<meta property=\"og:type\" content=\"article\" \/>\n<meta property=\"og:title\" content=\"M\u00e9s informaci\u00f3 sobre les &quot;cookies&quot; - NouBarris.Net\" \/>\n<meta property=\"og:description\" content=\"\u00bfQu\u00e8 \u00e9s una\u00a0&#8220;cookie&#8221;? Una &#8220;cookie&#8221; \u00e9s un fitxer de text inofensiu que s&#8217;emmagatzema en el seu navegador quan visita gaireb\u00e9\" \/>\n<meta property=\"og:url\" content=\"https:\/\/www.noubarris.net\/web40\/mas-informacion-sobre-las-cookies\/\" \/>\n<meta property=\"og:site_name\" content=\"NouBarris.Net\" \/>\n<meta property=\"article:publisher\" content=\"https:\/\/www.facebook.com\/NouBarris.net\/?locale=es_ES\" \/>\n<meta property=\"article:modified_time\" content=\"2015-06-16T18:38:44+00:00\" \/>\n<meta name=\"twitter:card\" content=\"summary_large_image\" \/>\n<meta name=\"twitter:site\" content=\"@9BTV\" \/>\n<meta name=\"twitter:label1\" content=\"Temps estimat de lectura\" \/>\n\t<meta name=\"twitter:data1\" content=\"5 minuts\" \/>\n<script type=\"application\/ld+json\" class=\"yoast-schema-graph\">{\"@context\":\"https:\/\/schema.org\",\"@graph\":[{\"@type\":\"WebPage\",\"@id\":\"https:\/\/www.noubarris.net\/web40\/mas-informacion-sobre-las-cookies\/\",\"url\":\"https:\/\/www.noubarris.net\/web40\/mas-informacion-sobre-las-cookies\/\",\"name\":\"M\u00e9s informaci\u00f3 sobre les \\\"cookies\\\" - NouBarris.Net\",\"isPartOf\":{\"@id\":\"https:\/\/www.noubarris.net\/web40\/#website\"},\"datePublished\":\"2015-06-16T18:32:26+00:00\",\"dateModified\":\"2015-06-16T18:38:44+00:00\",\"breadcrumb\":{\"@id\":\"https:\/\/www.noubarris.net\/web40\/mas-informacion-sobre-las-cookies\/#breadcrumb\"},\"inLanguage\":\"ca\",\"potentialAction\":[{\"@type\":\"ReadAction\",\"target\":[\"https:\/\/www.noubarris.net\/web40\/mas-informacion-sobre-las-cookies\/\"]}]},{\"@type\":\"BreadcrumbList\",\"@id\":\"https:\/\/www.noubarris.net\/web40\/mas-informacion-sobre-las-cookies\/#breadcrumb\",\"itemListElement\":[{\"@type\":\"ListItem\",\"position\":1,\"name\":\"Inici\",\"item\":\"https:\/\/www.noubarris.net\/web40\/\"},{\"@type\":\"ListItem\",\"position\":2,\"name\":\"M\u00e9s informaci\u00f3 sobre les &#8220;cookies&#8221;\"}]},{\"@type\":\"WebSite\",\"@id\":\"https:\/\/www.noubarris.net\/web40\/#website\",\"url\":\"https:\/\/www.noubarris.net\/web40\/\",\"name\":\"NouBarris.Net\",\"description\":\"Seguint la vida de Nou Barris des de 1985\",\"publisher\":{\"@id\":\"https:\/\/www.noubarris.net\/web40\/#organization\"},\"potentialAction\":[{\"@type\":\"SearchAction\",\"target\":{\"@type\":\"EntryPoint\",\"urlTemplate\":\"https:\/\/www.noubarris.net\/web40\/?s={search_term_string}\"},\"query-input\":{\"@type\":\"PropertyValueSpecification\",\"valueRequired\":true,\"valueName\":\"search_term_string\"}}],\"inLanguage\":\"ca\"},{\"@type\":\"Organization\",\"@id\":\"https:\/\/www.noubarris.net\/web40\/#organization\",\"name\":\"NouBarris.Net\",\"url\":\"https:\/\/www.noubarris.net\/web40\/\",\"logo\":{\"@type\":\"ImageObject\",\"inLanguage\":\"ca\",\"@id\":\"https:\/\/www.noubarris.net\/web40\/#\/schema\/logo\/image\/\",\"url\":\"https:\/\/www.noubarris.net\/web40\/wp-content\/uploads\/2024\/11\/cropped-cropped-LOGO_9BTV-2024_Insta-1.jpg\",\"contentUrl\":\"https:\/\/www.noubarris.net\/web40\/wp-content\/uploads\/2024\/11\/cropped-cropped-LOGO_9BTV-2024_Insta-1.jpg\",\"width\":512,\"height\":512,\"caption\":\"NouBarris.Net\"},\"image\":{\"@id\":\"https:\/\/www.noubarris.net\/web40\/#\/schema\/logo\/image\/\"},\"sameAs\":[\"https:\/\/www.facebook.com\/NouBarris.net\/?locale=es_ES\",\"https:\/\/x.com\/9BTV\"]}]}<\/script>\n<!-- \/ Yoast SEO plugin. -->","yoast_head_json":{"title":"M\u00e9s informaci\u00f3 sobre les \"cookies\" - NouBarris.Net","robots":{"index":"index","follow":"follow","max-snippet":"max-snippet:-1","max-image-preview":"max-image-preview:large","max-video-preview":"max-video-preview:-1"},"canonical":"https:\/\/www.noubarris.net\/web40\/mas-informacion-sobre-las-cookies\/","og_locale":"ca_ES","og_type":"article","og_title":"M\u00e9s informaci\u00f3 sobre les \"cookies\" - NouBarris.Net","og_description":"\u00bfQu\u00e8 \u00e9s una\u00a0&#8220;cookie&#8221;? Una &#8220;cookie&#8221; \u00e9s un fitxer de text inofensiu que s&#8217;emmagatzema en el seu navegador quan visita gaireb\u00e9","og_url":"https:\/\/www.noubarris.net\/web40\/mas-informacion-sobre-las-cookies\/","og_site_name":"NouBarris.Net","article_publisher":"https:\/\/www.facebook.com\/NouBarris.net\/?locale=es_ES","article_modified_time":"2015-06-16T18:38:44+00:00","twitter_card":"summary_large_image","twitter_site":"@9BTV","twitter_misc":{"Temps estimat de lectura":"5 minuts"},"schema":{"@context":"https:\/\/schema.org","@graph":[{"@type":"WebPage","@id":"https:\/\/www.noubarris.net\/web40\/mas-informacion-sobre-las-cookies\/","url":"https:\/\/www.noubarris.net\/web40\/mas-informacion-sobre-las-cookies\/","name":"M\u00e9s informaci\u00f3 sobre les \"cookies\" - NouBarris.Net","isPartOf":{"@id":"https:\/\/www.noubarris.net\/web40\/#website"},"datePublished":"2015-06-16T18:32:26+00:00","dateModified":"2015-06-16T18:38:44+00:00","breadcrumb":{"@id":"https:\/\/www.noubarris.net\/web40\/mas-informacion-sobre-las-cookies\/#breadcrumb"},"inLanguage":"ca","potentialAction":[{"@type":"ReadAction","target":["https:\/\/www.noubarris.net\/web40\/mas-informacion-sobre-las-cookies\/"]}]},{"@type":"BreadcrumbList","@id":"https:\/\/www.noubarris.net\/web40\/mas-informacion-sobre-las-cookies\/#breadcrumb","itemListElement":[{"@type":"ListItem","position":1,"name":"Inici","item":"https:\/\/www.noubarris.net\/web40\/"},{"@type":"ListItem","position":2,"name":"M\u00e9s informaci\u00f3 sobre les &#8220;cookies&#8221;"}]},{"@type":"WebSite","@id":"https:\/\/www.noubarris.net\/web40\/#website","url":"https:\/\/www.noubarris.net\/web40\/","name":"NouBarris.Net","description":"Seguint la vida de Nou Barris des de 1985","publisher":{"@id":"https:\/\/www.noubarris.net\/web40\/#organization"},"potentialAction":[{"@type":"SearchAction","target":{"@type":"EntryPoint","urlTemplate":"https:\/\/www.noubarris.net\/web40\/?s={search_term_string}"},"query-input":{"@type":"PropertyValueSpecification","valueRequired":true,"valueName":"search_term_string"}}],"inLanguage":"ca"},{"@type":"Organization","@id":"https:\/\/www.noubarris.net\/web40\/#organization","name":"NouBarris.Net","url":"https:\/\/www.noubarris.net\/web40\/","logo":{"@type":"ImageObject","inLanguage":"ca","@id":"https:\/\/www.noubarris.net\/web40\/#\/schema\/logo\/image\/","url":"https:\/\/www.noubarris.net\/web40\/wp-content\/uploads\/2024\/11\/cropped-cropped-LOGO_9BTV-2024_Insta-1.jpg","contentUrl":"https:\/\/www.noubarris.net\/web40\/wp-content\/uploads\/2024\/11\/cropped-cropped-LOGO_9BTV-2024_Insta-1.jpg","width":512,"height":512,"caption":"NouBarris.Net"},"image":{"@id":"https:\/\/www.noubarris.net\/web40\/#\/schema\/logo\/image\/"},"sameAs":["https:\/\/www.facebook.com\/NouBarris.net\/?locale=es_ES","https:\/\/x.com\/9BTV"]}]}},"_links":{"self":[{"href":"https:\/\/www.noubarris.net\/web40\/wp-json\/wp\/v2\/pages\/8","targetHints":{"allow":["GET"]}}],"collection":[{"href":"https:\/\/www.noubarris.net\/web40\/wp-json\/wp\/v2\/pages"}],"about":[{"href":"https:\/\/www.noubarris.net\/web40\/wp-json\/wp\/v2\/types\/page"}],"author":[{"embeddable":true,"href":"https:\/\/www.noubarris.net\/web40\/wp-json\/wp\/v2\/users\/2"}],"replies":[{"embeddable":true,"href":"https:\/\/www.noubarris.net\/web40\/wp-json\/wp\/v2\/comments?post=8"}],"version-history":[{"count":0,"href":"https:\/\/www.noubarris.net\/web40\/wp-json\/wp\/v2\/pages\/8\/revisions"}],"wp:attachment":[{"href":"https:\/\/www.noubarris.net\/web40\/wp-json\/wp\/v2\/media?parent=8"}],"curies":[{"name":"wp","href":"https:\/\/api.w.org\/{rel}","templated":true}]}}